/(-9) + -1 - (v + -2)?
1
Let d = -13 - -7. Suppose r - 5 = -4*r, 2*b - 29 = -5*r. Let k = b - d. What is the tens digit of k?
1
Let f = 49 + -52. Let d be 0 + (-8)/f - 12/18. Suppose -3*v + 203 = 2*x, d*x - v - 209 = -2*v. What is the tens digit of x?
0
Let x be 88/14 + (-6)/21. Let y = 26 + x. Let t = y - 14. What is the tens digit of t?
1
Let c(p) = 51*p - 61. Let x(z) = z**2 - 4*z - 50. Let a be x(-6). What is the tens digit of c(a)?
4
Let o(c) be the third derivative of -c**6/120 + c**5/4 + 7*c**4/8 - 5*c**3/2 + 299*c**2. Let q be (-4)/6 - (-100)/6. What is the units digit of o(q)?
5
Let b(a) = a + 36. Let m(w) = 7*w - w**3 - w**2 + 5 - 1 + 0 - 3. Let j be m(3). What is the tens digit of b(j)?
2
Let b(j) = j**3 - 2*j**2 + j. Let a(c) = 19*c**3 - 4*c**2 + 10*c + 2. Let f(p) = -a(p) + 4*b(p). What is the tens digit of f(-3)?
8
Suppose -7*p + 6603 - 971 + 2166 = 0. What is the units digit of p?
4
Let i(d) = -2400*d + 23. Let u be i(-7). Suppose 34*g - u - 9561 = 0. What is the tens digit of g?
7
Let t(z) = 266*z + 4. Let n = -3 - -4. What is the units digit of t(n)?
0
Suppose 176*i - 67*i = -350177 + 1209642. What is the thousands digit of i?
7
Suppose -5*c = -0*c - 50. Let h(l) = -c + 17 + l - 7*l + 2*l**2. What is the units digit of h(5)?
7
Suppose 3*z - 7 - 13 = -4*q, -2*z = 2*q - 12. Let r(j) = -95*j**q + j**3 + 6*j + 45*j**2 + 46*j**2 - 5. What is the tens digit of r(4)?
1
Let t = 141 + -141. Suppose 3*v = -5*m + 68, 7*v - 9*v - 4*m + 48 = t. What is the units digit of v?
6
Suppose 0 = -2*a + o + 5056, 2528 = -60*a + 61*a + o. What is the thousands digit of a?
2
Let f(v) = -v**3 - 23*v**2 - 31*v + 14. Let g(d) = -3*d**3 - 70*d**2 - 96*d + 41. Let r(j) = 7*f(j) - 2*g(j). What is the hundreds digit of r(-20)?
1
Let h be 15/25 - 184/40. Let x(w) = -18*w + 108. What is the units digit of x(h)?
0
Let l(c) = -2*c + 36. Let x be l(10). What is the hundreds digit of -1 - 10/(-8) - (-13356)/x?
8
Suppose a - 7 = 100. Let i(k) = -5*k + 43. Let h be i(21). Let x = a - h. What is the hundreds digit of x?
1
Suppose -49*m = -50*m - c + 7688, -5*c = -30. What is the hundreds digit of m?
6
Let z = 370 + -356. What is the tens digit of (z/35 + 2)/((-6)/(-1820))?
2
Let b(y) = y**3 + 4*y**2 - 6*y. Let s be b(-5). Let c(l) = -6*l + 17. Let q(k) = 17*k - 19. Let n(m) = 4*c(m) + 3*q(m). What is the tens digit of n(s)?
4
Let o = 17 + -192. Let c = 1669 + o. Suppose 6*w + 12 = c. What is the hundreds digit of w?
2
Let t = -72250 - -125789. What is the ten thousands digit of t?
5
Suppose z - 4 + 2 = 0. Let a = 210 - 51. Suppose c - a = -3*y - z*c, -4*c + 264 = 5*y. What is the units digit of y?
2
Suppose -126*x = -124*x - 4*j - 612, -4*x + 5*j + 1230 = 0. What is the hundreds digit of x?
3
Suppose 15*s - 288 = 3*s. Suppose -32*f = -29*f - s. What is the tens digit of 5679/36 + (2/f - 1)?
5
Let t(y) = y - 11*y**2 + 13 - 4*y**2 + 8*y**2 - y**3. Let r be t(-5). What is the units digit of 24/r + (-50)/(-14) + 54?
7
Suppose -1134 = 5*r + 1416. Let q = r + 665. What is the units digit of q?
5
Suppose -6*b + 6 + 12 = 0. Suppose -5*l = -b*l, -3*c + 12 = 3*l. Suppose -3*x = 2*r - 275, c*r + 7 = 23. What is the tens digit of x?
8
Suppose -11103*l + 11079*l = -823848. What is the hundreds digit of l?
3
Suppose 3*z + 5*i - 4918 = 0, 5*z - 7713 - 462 = -4*i. What is the thousands digit of z?
1
Suppose -100740 = -4*y - 2*j, -5*y + j + 63431 = -62480. What is the ten thousands digit of y?
2
Suppose -10*j + 20 = 550. What is the units digit of j/(24/(-8)*(-3)/(-9))?
3
Let d be (-3)/(4/(-894)*2/4). Suppose -4 + 20 = 4*m. Suppose m*y - 13*y = -d. What is the hundreds digit of y?
1
Let o(w) = 224*w**2 - 27*w - 482. What is the units digit of o(-14)?
0
Let d(g) = 24*g**2 - 12*g + 9. Let n be d(8). Suppose -63*b + n = -62*b. What is the units digit of b?
9
Suppose 9 = -29*i + 32*i. Suppose i*c = s - 1228, -c - 1 = -0. What is the hundreds digit of s?
2
Suppose 13*d - 57 = -239. What is the tens digit of (-2)/(-2) + (662 - d) + -7?
7
Let h(g) be the first derivative of -33*g**2/2 + 9. Let u(v) = -2*v**2 - 3*v - 2. Let k be u(-1). What is the units digit of h(k)?
3
Suppose -4190*r = -4193*r - 9. Let i(a) be the third derivative of -5*a**4/24 + 7*a**3/6 - 2*a**2. What is the units digit of i(r)?
2
Suppose -2*p = 2*m - 280, 5*m - 133 - 162 = -2*p. Suppose 4*w - 9 = 7. Suppose w*q - p = 89. What is the tens digit of q?
5
Let o = 10590 + -7344. What is the thousands digit of o?
3
Let d = -32358 - -46963. What is the hundreds digit of d?
6
Let h(i) = 6*i**2 + 23*i + 100. Let p be h(-5). Let u = 336 - p. What is the tens digit of u?
0
Let o(a) = 207*a + 5817. What is the tens digit of o(-20)?
7
Suppose 2*y + 42 = -k, -34 = 6*y - 4*y - k. Let v be (-1 - (-1 + -1)) + (y - -53). Suppose s - v = 3. What is the units digit of s?
8
Let t(b) = -2*b**2 + 75*b - 215. Let w be t(33). Let i be (-71)/(0 - 1)*2. Let y = i - w. What is the tens digit of y?
6
Suppose 0 = 8*g - 17*j + 12*j - 38952, -3*j = -2*g + 9738. What is the thousands digit of g?
4
Suppose -4*p - 12 = 0, -2*s - 22*p = -23*p - 53. Suppose -29*x + 5612 = -s*x. What is the units digit of x?
3
Suppose 8*t = 13*t - 61485. What is the units digit of t?
7
Let u be ((-22)/33)/(-1 + (-230)/(-234)). Suppose -r = -2*i - 3, -4*i + 2 = -r - 3*i. Let b = u - r. What is the units digit of b?
6
Let j be 137*((-7 - -14) + -5). Let s = 368 - j. What is the tens digit of s?
9
Suppose -228 = -b + 14. Let n be 8/(-20) + (4 - 12/(-5)). Suppose -n*j = -4*j - b. What is the units digit of j?
1
Let r = -1681 + 2518. Suppose 45 = 3*c - r. Suppose 0 = 2*g + 4*o - 294, 6*g - 4*g = -2*o + c. What is the tens digit of g?
4
Let h be (-4)/2*4*50/(-80). Suppose -h*u + 626 = -234. What is the hundreds digit of u?
1
Suppose 58*y = 61*y - 4*p - 11022, 2*y + 4*p = 7368. What is the thousands digit of y?
3
Suppose -a - 220 = -3*t, a = 2*a - 5. What is the tens digit of (-944)/(-11) + (t/(-11) - -7)?
8
Let q be (-1)/(-3) - (-29420)/30. Suppose 0*a + 3*a = -4*l + q, 4*l - 966 = 2*a. What is the tens digit of l?
4
Let y be 1092/4 - (0 - -4) - 2. Suppose -441 = -4*m + y. Suppose -3*t + 4*t - m = 4*d, 5*t + 4*d - 885 = 0. What is the units digit of t?
7
Suppose -68707 = -4*f + 34*q - 37*q, -5*f = -q - 85879. What is the thousands digit of f?
7
Let c = 7998 - -18034. What is the thousands digit of c?
6
Suppose -94183 = -2*i - 3*u, 4*u - 5*u + 141264 = 3*i. What is the tens digit of i?
8
Let t = 668 - 1452. Suppose 88*h - 90*h = -2. What is the tens digit of t/(-10) + h - 14/35?
7
Let h(x) = 508*x**2 - 5*x + 4. What is the tens digit of h(3)?
6
Let z(w) = w**3 + 5*w**2 + 4*w - 3. Let a be z(-4). Let m(h) = -21*h**2 + 2*h + 3. Let c(j) = -j**2. Let p(t) = 8*c(t) - m(t). What is the units digit of p(a)?
0
Suppose -37751 = -5*t - 2*b, t - 3475 - 4066 = -5*b. What is the thousands digit of t?
7
What is the units digit of 27*886 - (-80)/10?
0
Let b(f) = 5534*f - 4316. What is the hundreds digit of b(8)?
9
Suppose -3*n + 268 = -4*m, -n = -4*n + m + 256. What is the hundreds digit of (n/10)/(2/385)?
6
Suppose 73*s - 46*s = 114264. What is the tens digit of s?
3
Let f be (-6)/27 + 2/9. Let g be (-1 + -75)*1 + f - 0. Let u = -64 - g. What is the units digit of u?
2
Let k = 1008 - -3038. What is the thousands digit of k?
4
Let f(q) = 10*q + 24. Let u(h) = 9*h + 24. Let x(j) = -6*f(j) + 7*u(j). Let v be x(-6). What is the tens digit of ((-53)/(-3) + -3)*9/v?
2
Let i(m) = 23*m**3 + m**2. Let k be i(1). Let s(b) = -31 + 13*b + k + 30. What is the tens digit of s(6)?
0
Let a(l) = 11252*l + 759. What is the ten thousands digit of a(1)?
1
Suppose 0 = -68*q + 42*q - 79*q + 106890. What is the tens digit of q?
1
Suppose -53*h = 53*h - 1843022. What is the hundreds digit of h?
3
Suppose 1098*x + 746235 = 1133*x. What is the thousands digit of x?
1
Let n be 21/6*-1*2. What is the hundreds digit of 0 + -4 - (n + (1 - 409))?
4
What is the units digit of 35/(-21) - (0 + 1304104/(-24))?
6
Let d = -567 + 1560. What is the units digit of d?
3
Let m = -63 + 27. Let u = m + -134. Let h = -88 - u. What is the tens digit of h?
8
Let m be (-2096)/(-7) + 15/(-35). Let s = 284 + -479. Let p = s + m. What is the hundreds digit of p?
1
Let h = 178 + -166. Suppose 0 = 5*g - 6*g - 1, -29 = -3*c - 4*g. Suppose -